 - 15 - (-17 - -19)).
-3
What is the value of -1 + -1 + -7 - (-38 - -38) - 6?
-15
Calculate 10 + -6 + 7 + 0 + 1.
12
What is the value of -11 - (26 - 10 - 11)?
-16
Calculate (-4 - 1) + (1 - (-7 + 4 - 7)).
6
Calculate (1 + -10 - -6) + (1 + -2 - -24).
20
7 + -11 + (1 + 1 - (-17 + 25))
-10
Calculate (-1 - -19 - (31 + -5)) + (20 - 1).
11
Evaluate -10 + -8 + (10 - 2) + 13.
3
What is -15 + (13 - -14) + -17?
-5
Calculate -11 - (-28 - -19 - -3).
-5
(11 - 1) + (-5 - (22 - 37))
20
-8 - (-12 + 12 + -7 + 9)
-10
What is -3 - -9 - (-6 - (-6 - -4 - -1))?
11
What is the value of 9 - (0 + -3 + 30 + -25 - -5)?
2
What is (-4 + (0 - 0) - (-14 - -10)) + -24?
-24
Evaluate 14 - (5 + -1 - (74 - 70) - 8).
22
Evaluate -1 + 21 + -2 - (5 + 25 + -25).
13
Calculate (-1 + 1 + -6 - -26) + (3 - 9).
14
-2 + 0 - (-34 - -24) - 3
5
Evaluate (-9 - (-8 - (-8 + 5))) + -6.
-10
What is the value of 2 + (8 - 5) - 15?
-10
What is 3 + 48 - -2 - (818 + -801)?
36
What is -11 + (8 - 2) + 4 + -2 - -17?
14
Calculate -59 + 49 + -5 + 15 + 0.
0
2 + -1 - 4 - (5 - 6 - 4)
2
-2 + (-2 - 2) - (34 - 53)
13
Calculate 2 - (-7 - (-10 + 4)).
3
What is -46 - -64 - ((20 - 10) + 2)?
6
Calculate 4 + (-7 - (-10 - (2 + -4))) + -15.
-10
Calculate (-13 - (3 - 30)) + (-2 - (0 + 6)).
6
What is the value of (-819 - -805) + (2 - (-42 + -1))?
31
Calculate 61 - 27 - (16 - -2).
16
Evaluate -5 - (0 - (-27 - -16 - 0)).
-16
What is the value of (2 - 3) + 16 + (-207 - -196)?
4
What is the value of (-14 - 27) + (41 - 14)?
-14
Evaluate (-3 + (-6 - -23) - 8) + -2.
4
Calculate 16 + 13 + -5 - 6.
18
Evaluate 19 + -16 - (-3 + 3).
3
(15 - (-21 + 47)) + 0 + -11
-22
What is the value of -5 - (-4 + 0 + 2) - (-14 + 3)?
8
Evaluate (-7 - (10 + -17 + 9)) + 1.
-8
Evaluate 30 + 1 + -10 - 13.
8
What is the value of (-12 - (10 - 17)) + (-1 - -7)?
1
Evaluate -8 - (-6 - (-2 - 2)).
-6
What is (10 - -41 - 41) + -13?
-3
What is -9 - -26 - 45 - -25?
-3
Evaluate -5 - (20 - (6 + 13)).
-6
What is 34 + (2 - 7 - 40)?
-11
Evaluate (28 - (-12 + 14)) + -5 - (-1 + 5).
17
Calculate 15 + (18 - 23) + (1 - 2).
9
Calculate 29 - (13 - (-7 + (19 - 1) - 6)).
21
Calculate 0 + 3 + 18 + (-18 - -7).
10
Calculate -16 + 4 + -4 + -1 + 9 - -14.
6
Calculate 9 + (15 - (0 + -2 + 10)).
16
Evaluate -15 - (-11 + 9 - 7).
-6
-10 + -6 + (18 - 5)
-3
Calculate -139 - -168 - (32 - 5).
2
What is the value of -1 + -3 + (-53 - -20) + 36?
-1
-25 - (4 - 13) - -12
-4
Calculate 63 + -31 - (4 + 0 + (-4 - -8)).
24
What is the value of -8 - (4 - 0 - -10 - (27 + -21))?
-16
0 + -8 - (-18 + 1 + 10) - 4
-5
What is -30 - ((36 - 20) + -28)?
-18
What is -21 - (-32 - -20) - 2?
-11
What is the value of (1 - 5) + 14 + -4 + 2 + 4?
12
Calculate ((3 - 5) + -3 - 7) + 1 + -2.
-13
(2 - -13) + 12 + -17
10
What is -4 - (16 - (2 - -2) - (22 - 16))?
-10
Calculate 4 + 22 + -10 + -38.
-22
Evaluate -8 - (130 + -105 + (-2 + 0 - 2)).
-29
What is 35 - (21 - -24 - 25)?
15
What is the value of (-92 - -51) + 49 - (1 + -2 - 1)?
10
12 + -3 + -8 + 14 + 7
22
-14 - (-7 + 6 + -6 - -5)
-12
What is the value of -15 + 3 + 13 + (-4 - 0)?
-3
Calculate -4 + (14 - (2 + 5) - 2).
1
What is the value of 14 - (5 - 17 - (-5 - 5))?
16
-5 + -10 + 13 + -12 + 39
25
Calculate -6 - (1 + -12) - 6.
-1
(1 + -3 - 13) + 170 + -168
-13
86 + -80 + 5 + -2 + 1 + 1
11
What is -13 + -3 + 14 - (-9 - 3)?
10
What is the value of -4 + -3 - (11 + (-1 - 2))?
-15
Calculate (16 - (-5 - 13)) + -14.
20
Evaluate (-2 - (-17 + 10)) + (2 - (1 + 38)).
-32
What is the value of 5 - (2 + -2) - (-36 + 7 - -30)?
4
What is 2 - (12 + -12 + 0 + 13)?
-11
Calculate -2 + 1 - (-7 + 7 + -5 + 0).
4
Evaluate 24 + (-15 - -25) + -28.
6
Evaluate -1 - 6 - (-24 + (2 - -11) - -6).
-2
(14 - 40) + -12 + 23
-15
What is the value of -11 - -1 - (-4 - 9 - (68 + -35))?
36
(17 - 0) + (-15 + -19 - -39)
22
What is the value of 9 - 48 - (-18 + -2 - -5)?
-24
What is the value of -9 + -1 + (19 - 4) + 14 + -2?
17
Calculate -30 - (-26 - (-5 - -4)).
-5
Calculate -46 + 17 - -14 - 2.
-17
23 - 1 - (-2 + (-8 - (-19 + 0)))
13
What is the value of -9 + (4 - -24) + (-6 - 4)?
9
Calculate 5 + (-2 + -12 + 10 - 37) + -2.
-38
131 + -138 - (0 + 0 + 17) - -7
-17
Calculate -2 - ((28 - 7) + -15).
-8
Calculate (-6 - (3 + 0)) + -375 + 364.
-20
What is the value of -4 + 2 + 7 + -6 + 2?
1
What is the value of -12 + 34 + -10 + 0?
12
What is 15 + -3 + -17 + 8 + 1?
4
Calculate -23 - ((6 - (-10 - (-4 - 6))) + -10).
-19
What is the value of -3 + 43 + -42 + 27?
25
What is the value of (6 - -9 - 6) + 0?
9
(-234 - -217) + (15 - -1)
-1
What is the value of -5 + 20 + -2 + 0 + (10 - 5)?
18
3 - (0 + 2 + 6 + -17)
12
Calculate 12 + 10 - 19 - (-8 + 0).
11
Calculate 77 - 70 - (-1 - -3) - (1 - -2).
2
(-20 - (2 + -12) - 7) + 5 - -1
-11
What is the value of (-6 - 13) + (20 - 0)?
1
Evaluate (4 - 2) + -19 + -13 + 10 + 7.
-13
What is (-15 - (-22 - 2)) + (-15 - -1)?
-5
Calculate -7 - (-10 - (2 - 6)) - (8 - 0).
-9
What is the value of 3 - (1 + -2 - -7) - (15 - 11)?
-7
Calculate -13 - (-1 + -2 + -11 + 12).
-11
What is 3 + 32 + -24 - 22?
-11
Calculate 14 - (4 - (-1 + (5 - 3))).
11
Evaluate -25 + 32 - -2 - 2.
7
What is the value of (-37 - -43) + (1 - 14) + (-1 - 1)?
-9
Calculate (-3 + 9 - 1) + (-12 - (-3 + 5)).
-9
3 + -18 + -6 + 5 + 9 - -24
17
-11 + 4 + 12 + -3 + -5
-3
Calculate 0 + 3 + (-1 + 1 - 2) + -1.
0
What is -5 + 7 - (8 + -6 - 1) - 10?
-9
What is (24 - 38 - 8) + (0 - (-2 - 2))?
-18
Evaluate -1 + -4 + (-3 + 0 - -2) + 16.
10
Calculate 1 - -7 - (-49 + 68 - (27 - 7)).
9
Calculate -7 + 0 + -9 + 17.
1
What is (18 - 35) + -9 + 16?
-10
14 - (-3 + -3) - 30
-10
What is the value of (4 - (7 + -3 + 1)) + 1?
0
What is the value of -34 + 69 + -22 + 2 + -1?
14
Evaluate -32 + (40 - 17) + 26.
17
What is the value of 88 - 96 - (-11 + -1)?
4
What is the value of -322 - -329 - (6 + 1 - 1)?
1
Calculate 8 + (-11 - 3) + 6 - 2 - -7.
5
Evaluate 16 + (6 + -3 - 31).
-12
What is the value of (-18 - (-17 - (-7 - -2))) + 11?
5
(-1 - ((-6 + -9 - -3) + -2)) + 6
19
What is the value of -16 + 36 + -2 + -22?
-4
Calculate -7 + 0 - (-4 + -9) - (-7 + -1).
14
Evaluate 182 - 190 - (1 - ((3 - -2) + 1)).
-3
What is the value of 27 + -17 + 1 - 19?
-8
What is the value of 31 + (11 - 8) + -34?
0
Calculate (23 - (67 - 21)) + 42.
19
What is the value of -10 + (-11 + -1 + 10 - -34)?
22
Calculate 0 + (33 - 16) + -8 + -12.
-3
(-2 - -10) + (-4 - (-1 - -9))
-4
What is the value of (-12 - (-30 + 14)) + -13?
-9
Calculate -24 - (19 + -24) - -14.
-5
What is -330 - -316 - (-8 - (-2 + 0))?
-8
Evaluate (-20 - (-17 - -14)) + -4.
-21
What is the value of (8 - (-7 - -5)) + 30 + -30?
10
What is the value of 136 - 148 - (1 + -7)?
-6
What is the value of -6 + 6 + 13 + 4 + 0?
17
Evaluate -6 - -44 - 10 - 11.
17
What is the value of -7 - (-1 + -13) - (11 + 3)?
-7
What is the value of -7 + (-6 - (5 - ((15 - 1) + -3)))?
-7
What is (1 - -29) + -924 + 911?
17
Calculate -1124 + 1118 - (0 - (2 + -2 - 23)).
-29
Calculate -10 + (-2 + -4 - (67 - 69)).
-14
What is the value of -14 + -3 + (6 - 2) + 5?
-8
Calculate 10 - -1 - (227 + -222).
6
Calculate (-1 - 34 - -53) + -17.
1
What is (-4 - 29) + (0 - -14 - (36 + -32))?
-23
What is 8 - (2 - (-20 - (9 - 12)))?
-11
What is the value of 3 + 14 + -2 - 10?
5
Calculate -972 + 1003 - (3 - -2 - -3).
23
What is 1 + (4 - 13) + 2 + -4?
-10
(10 - (-24 - -16)) + -32
-14
Evaluate (8 - 10 - (13 + -27)) + (-1 - 4).
7
Calculate 23 + -3 + -11 + 3.
12
Calculate (5 - (-6 - 3)) + (-16 - (3 - 9)).
4
Evaluate -3 + 6 + 4 + 3 - 8.
2
Calculate 24 - (25 - 15) - 20.
-6
Calculate 12 - 12 - (-2 - 0) - 25.
-23
What is -7 + -2 - 8 - (21 + -33)?
-5
3 - -3 - -3 - (8 - 5)
6
-138 + 136 + -4 + -1
-7
Evaluate 13 - ((3 - 12) + 3 - -6).
13
What is the value of (13 + 12 - 14) + -14?
-3
Calculate 0 - 0 - -1 - (89 - (-24 + 102)).
-10
Calculate 0 - ((3 - (-24 - -10)) + -41).
24
What is -3 + 5 - -13 - 14?
1
Evaluate 3 + -9 + 18 + -10 + -22.
-20
(-14 + 12 - -2) + -6 + 2 + -1
-5
What is 14 + (6 - 16 - 17) + -6?
-19
Calculate -9 - (-12 + 3) - 0 - 19.
-19
What is the value of (-3 - (-7 + -3)) + -8 + -3?
-4
Calculate (-4 + -5 - -2) + -6 + (2 - 8).
-19
What is -5 + -3 + -2 + 30 + -1 + -9?
10
What is -33 - (-6 - -3) - -47?
17
Calculate 20 + (2 + 1 - 38).
-15
(14 - 11 - 12) + 25 + -25
-9
What is the value of -2 - (-1 - -2) - (-2 - (-23 + -6))?
-30
9 - 8 - (-16 - -4)
13
What is -6 + 24 + -48 + 21?
-9
71 + -103 + 44 + -4 + -1
7
